omposite?
True
Is 19654787 prime?
False
Is 17563463 a composite number?
False
Is 1594093 prime?
True
Is 80323 a prime number?
False
Is 5865257 composite?
False
Is 967951 a prime number?
True
Is 12228193 a composite number?
True
Is 12143561 composite?
False
Is 493153 composite?
True
Is 754963 a prime number?
False
Is 984817 a composite number?
False
Is 8719349 a composite number?
False
Is 2847101 a prime number?
False
Is 284777 a composite number?
False
Is 96870685 prime?
False
Is 3820933 composite?
False
Is 28164953 a composite number?
False
Is 13610221 composite?
False
Is 45694667 a composite number?
True
Is 8245177 a composite number?
False
Is 5539438 a prime number?
False
Is 42948251 composite?
False
Is 71519711 a composite number?
False
Is 163662193 composite?
False
Is 213580163 composite?
True
Is 12927661 a prime number?
True
Is 17715817 composite?
True
Is 6577723 prime?
False
Is 40950389 a composite number?
False
Is 60045761 prime?
True
Is 1118462 a prime number?
False
Is 3959245 prime?
False
Is 9227791 composite?
False
Is 2913497 composite?
False
Is 6562261 prime?
True
Is 4145519 a prime number?
False
Is 93507287 composite?
False
Is 1080781 composite?
True
Is 1810733 a prime number?
True
Is 15901439 a composite number?
False
Is 221597371 prime?
True
Is 245357 a composite number?
True
Is 3988003 a composite number?
False
Is 65722469 prime?
True
Is 15053183 composite?
True
Is 2084429 prime?
False
Is 4334563 composite?
False
Is 24568373 a prime number?
True
Is 21349495 a prime number?
False
Is 108129433 a composite number?
True
Is 306997 prime?
False
Is 43013543 a composite number?
False
Is 3606589 a prime number?
False
Is 24575657 a prime number?
False
Is 4225591 a composite number?
True
Is 363240895 prime?
False
Is 899051 prime?
True
Is 188859239 composite?
True
Is 2429681 prime?
True
Is 13178279 a prime number?
True
Is 443341 a composite number?
False
Is 12591083 composite?
True
Is 111708271 a prime number?
True
Is 10151293 a composite number?
False
Is 4328705 composite?
True
Is 378090347 composite?
False
Is 29762999 a composite number?
True
Is 5040767 composite?
False
Is 15542773 a prime number?
True
Is 15126737 a composite number?
True
Is 30339167 a prime number?
True
Is 1388507 a composite number?
True
Is 407450227 a prime number?
True
Is 223097839 a prime number?
True
Is 6560371 prime?
True
Is 4346557 a prime number?
True
Is 9103559 a composite number?
True
Is 19590971 a prime number?
True
Is 3597127 a prime number?
True
Is 317349811 a prime number?
True
Is 8611117 a composite number?
False
Is 109413823 a prime number?
False
Is 9996949 a composite number?
False
Is 7191049 prime?
True
Is 18951409 a prime number?
True
Is 4663718 prime?
False
Is 5061211 a composite number?
True
Is 3658489 prime?
False
Is 1962407 a composite number?
True
Is 14592349 a prime number?
False
Is 923513 composite?
False
Is 12517133 a composite number?
False
Is 34758667 composite?
False
Is 75563899 composite?
False
Is 20008381 a prime number?
True
Is 3601837 a composite number?
False
Is 28358257 prime?
True
Is 279941 a prime number?
True
Is 8209405 composite?
True
Is 2875399 a composite number?
True
Is 36585229 a prime number?
True
Is 31105097 a composite number?
False
Is 1713167 a prime number?
True
Is 18905107 a prime number?
False
Is 37592129 a prime number?
True
Is 4944869 prime?
True
Is 531341 prime?
False
Is 132790857 a composite number?
True
Is 2635511 prime?
False
Is 7779773 prime?
False
Is 12056887 a composite number?
True
Is 439253 a prime number?
True
Is 169859 composite?
False
Is 97260019 prime?
True
Is 803431 a prime number?
False
Is 76913687 prime?
False
Is 4369199 prime?
True
Is 24172223 a composite number?
False
Is 23106029 prime?
True
Is 1762427 prime?
True
Is 4881757 composite?
False
Is 8949757 composite?
False
Is 3954317 a composite number?
False
Is 105838669 a prime number?
True
Is 35149 prime?
True
Is 66502711 prime?
False
Is 10726517 a composite number?
False
Is 505490779 a composite number?
True
Is 189982393 a composite number?
True
Is 2066833 prime?
True
Is 1636231 prime?
True
Is 1951847 composite?
True
Is 34530963 composite?
True
Is 20080273 a prime number?
False
Is 174979217 a composite number?
True
Is 3580943 a prime number?
True
Is 428583047 a prime number?
True
Is 146135069 prime?
False
Is 726171257 composite?
True
Is 733723087 prime?
True
Is 1705091 a prime number?
False
Is 61621291 a prime number?
True
Is 236979667 a composite number?
False
Is 2020409 prime?
True
Is 1159797271 composite?
False
Is 1158931 a composite number?
True
Is 60681329 a prime number?
True
Is 6651509 a composite number?
True
Is 511253473 a prime number?
False
Is 20457677 composite?
False
Is 21356873 a composite number?
False
Is 101251753 prime?
False
Is 78723223 a composite number?
False
Is 75821563 a prime number?
False
Is 22763883 composite?
True
Is 22079761 a prime number?
False
Is 477007513 prime?
False
Is 733784759 prime?
True
Is 561191 prime?
True
Is 49237354 composite?
True
Is 292712249 a prime number?
False
Is 5257103 prime?
True
Is 346209433 a composite number?
True
Is 4926659 a prime number?
True
Is 49578671 a prime number?
True
Is 12619519 composite?
True
Is 1727069 a composite number?
False
Is 2350049 composite?
True
Is 27967603 a prime number?
True
Is 16792481 a prime number?
False
Is 2937203 a prime number?
True
Is 26869567 prime?
True
Is 2075663 composite?
True
Is 222899 a prime number?
False
Is 2662537 a composite number?
True
Is 1015451 composite?
False
Is 16464841 composite?
False
Is 3097039 a composite number?
True
Is 2242363 a composite number?
False
Is 86181137 a prime number?
False
Is 1364957 a composite number?
True
Is 3344113 prime?
True
Is 16374593 a prime number?
True
Is 96099247 composite?
False
Is 52018151 prime?
True
Is 98837 composite?
False
Is 56274697 a prime number?
True
Is 68311 a composite number?
False
Is 3384149 prime?
True
Is 35870929 prime?
False
Is 888733 a prime number?
False
Is 13364411 a composite number?
True
Is 1254569 prime?
False
Is 2763219 a prime number?
False
Is 11621543 a prime number?
True
Is 8905777 a composite number?
False
Is 2947897 composite?
False
Is 1039891 a composite number?
False
Is 499987 composite?
True
Is 150999293 a composite number?
True
Is 8486809 a prime number?
True
Is 10534831 a composite number?
True
Is 110359537 a prime number?
True
Is 135580909 prime?
False
Is 3152017 a composite number?
True
Is 15977147 a prime number?
True
Is 49158133 prime?
False
Is 24209261 composite?
False
Is 7128833 a prime number?
True
Is 2131051 a composite number?
True
Is 19644799 a prime number?
False
Is 221047 a prime number?
True
Is 8548927 a composite number?
False
Is 624815609 a prime number?
False
Is 8187 prime?
False
Is 248242271 a prime number?
False
Is 134422963 a composite number?
False
Is 60385259 prime?
False
Is 6840151 a prime number?
False
Is 2780399 composite?
False
Is 18843177 prime?
False
Is 181719253 prime?
True
Is 9512137 prime?
True
Is 68371319 composite?
False
Is 82177 a composite number?
True
Is 3976354 a composite number?
True
Is 2512227 prime?
False
Is 76608179 prime?
True
Is 20705453 composite?
False
Is 1084637 composite?
False
Is 4591991 composite?
False
Is 5700333 a prime number?
False
Is 1894577 a composite number?
False
Is 3560897 prime?
True
Is 832553 a prime number?
False
Is 1359349 a composite number?
False
Is 416262437 a prime number?
True
Is 275210967 a composite number?
True
Is 9335357 a composite number?
False
Is 198050911 prime?
False
Is 9851969 composite?
True
Is 7091619 composite?
True
Is 5766017 composite?
False
Is 23692943 a prime number?
False
Is 61438477 prime?
False
Is 43842127 prime?
False
Is 8636567 prime?
False
Is 59402297 a prime number?
True
Is 20854651 a composite number?
True
Is 442155019 a composite number?
True
Is 1258329 prime?
False
Is 3455579 composite?
True
Is 1732649 a composite number?
False
Is 21057329 composite?
True
Is 95687453 prime?
True
Is 1554019 prime?
True
Is 14593861 a composite number?
False
Is 19864307 composite?
True
Is 3258863 a prime number?
True
Is 48863863 composite?
False
Is 1166057 composite?
False
Is 240984281 composite?
True
Is 76889849 prime?
False
Is 97658473 a composite number?
True
Is 29820871 a prime number?
False
Is 8761